{"id":2,"date":"2017-08-10T14:16:12","date_gmt":"2017-08-10T14:16:12","guid":{"rendered":"http:\/\/www.elrestaurantedelosmonjes.com\/web\/?page_id=2"},"modified":"2020-11-25T18:23:37","modified_gmt":"2020-11-25T18:23:37","slug":"about","status":"publish","type":"page","link":"http:\/\/www.elrestaurantedelosmonjes.com\/web\/about\/","title":{"rendered":"Primera comuni\u00f3n"},"content":{"rendered":"\n<p><strong>Primera comuni\u00f3n, presentaci\u00f3n, votos<\/strong><\/p>\n<p>&#8220;Celebraci\u00f3n donde la familia se reune y festejan la declaraci\u00f3n de fe del mas peque\u00f1o&#8221;<\/p>\n<p>El restaurante de los monjes es un lugar \u00fanico, consagrado en 1611, con y con la autorizaci\u00f3n de la Iglesia, se puden celebrar cualquier festividad, y dirigirla por un ministro!,<\/p>\n<p>En el Jard\u00edn del Restaurante de los monjes los ni\u00f1os pueden divertirse mientras los adultos disfrutan de los alimentos y de la paz de este precioso lugar.<\/p>\n<p>El servicio consta de:<\/p>\nEspacio<br>\nAlimentos<br>\nServicio de meseros<br>\nArreglos florales<br>\nDJ\n<p>&nbsp;<\/p>\n<p><a href=\"http:\/\/www.elrestaurantedelosmonjes.com\/web\/wp-content\/uploads\/2017\/10\/DSC00097.jpg\"><img fetchpriority=\"high\" decoding=\"async\" src=\"http:\/\/www.elrestaurantedelosmonjes.com\/web\/wp-content\/uploads\/2017\/10\/DSC00097.jpg\" alt=\"\" width=\"2896\" height=\"1936\"><\/a><\/p>\n<p><a href=\"http:\/\/www.elrestaurantedelosmonjes.com\/web\/wp-content\/uploads\/2017\/10\/IMG_6455.jpg\"><img decoding=\"async\" src=\"http:\/\/www.elrestaurantedelosmonjes.com\/web\/wp-content\/uploads\/2017\/10\/IMG_6455.jpg\" alt=\"\" width=\"2592\" height=\"1936\"><\/a><a href=\"http:\/\/www.elrestaurantedelosmonjes.com\/web\/wp-content\/uploads\/2017\/08\/IMG_6987.jpg\"><img decoding=\"async\" src=\"http:\/\/www.elrestaurantedelosmonjes.com\/web\/wp-content\/uploads\/2017\/08\/IMG_6987.jpg\" alt=\"\" width=\"4032\" height=\"3024\"><\/a> <a href=\"http:\/\/www.elrestaurantedelosmonjes.com\/web\/wp-content\/uploads\/2017\/08\/IMG_6993.jpg\"><img loading=\"lazy\" decoding=\"async\" src=\"http:\/\/www.elrestaurantedelosmonjes.com\/web\/wp-content\/uploads\/2017\/08\/IMG_6993.jpg\" alt=\"\" width=\"4032\" height=\"3024\"><\/a> <a href=\"http:\/\/www.elrestaurantedelosmonjes.com\/web\/wp-content\/uploads\/2017\/08\/IMG_6991.jpg\"><img loading=\"lazy\" decoding=\"async\" src=\"http:\/\/www.elrestaurantedelosmonjes.com\/web\/wp-content\/uploads\/2017\/08\/IMG_6991.jpg\" alt=\"\" width=\"4032\" height=\"3024\"><\/a> <a href=\"http:\/\/www.elrestaurantedelosmonjes.com\/web\/wp-content\/uploads\/2017\/08\/IMG_6990.jpg\"><img loading=\"lazy\" decoding=\"async\" src=\"http:\/\/www.elrestaurantedelosmonjes.com\/web\/wp-content\/uploads\/2017\/08\/IMG_6990.jpg\" alt=\"\" width=\"4032\" height=\"3024\"><\/a> <a href=\"http:\/\/www.elrestaurantedelosmonjes.com\/web\/wp-content\/uploads\/2017\/08\/IMG_6987-1.jpg\"><img loading=\"lazy\" decoding=\"async\" src=\"http:\/\/www.elrestaurantedelosmonjes.com\/web\/wp-content\/uploads\/2017\/08\/IMG_6987-1.jpg\" alt=\"\" width=\"4032\" height=\"3024\"><\/a> <a href=\"http:\/\/www.elrestaurantedelosmonjes.com\/web\/wp-content\/uploads\/2017\/08\/IMG_6983.jpg\"><img loading=\"lazy\" decoding=\"async\" src=\"http:\/\/www.elrestaurantedelosmonjes.com\/web\/wp-content\/uploads\/2017\/08\/IMG_6983.jpg\" alt=\"\" width=\"4032\" height=\"3024\"><\/a><\/p>\n\t<p>[masterslider id=&#8221;1&#8243;]<\/p>\n","protected":false},"excerpt":{"rendered":"","protected":false},"author":1,"featured_media":0,"parent":0,"menu_order":0,"comment_status":"open","ping_status":"open","template":"","meta":{"footnotes":""},"class_list":["post-2","page","type-page","status-publish","hentry","latest_post"],"_links":{"self":[{"href":"http:\/\/www.elrestaurantedelosmonjes.com\/web\/wp-json\/wp\/v2\/pages\/2","targetHints":{"allow":["GET"]}}],"collection":[{"href":"http:\/\/www.elrestaurantedelosmonjes.com\/web\/wp-json\/wp\/v2\/pages"}],"about":[{"href":"http:\/\/www.elrestaurantedelosmonjes.com\/web\/wp-json\/wp\/v2\/types\/page"}],"author":[{"embeddable":true,"href":"http:\/\/www.elrestaurantedelosmonjes.com\/web\/wp-json\/wp\/v2\/users\/1"}],"replies":[{"embeddable":true,"href":"http:\/\/www.elrestaurantedelosmonjes.com\/web\/wp-json\/wp\/v2\/comments?post=2"}],"version-history":[{"count":20,"href":"http:\/\/www.elrestaurantedelosmonjes.com\/web\/wp-json\/wp\/v2\/pages\/2\/revisions"}],"predecessor-version":[{"id":609,"href":"http:\/\/www.elrestaurantedelosmonjes.com\/web\/wp-json\/wp\/v2\/pages\/2\/revisions\/609"}],"wp:attachment":[{"href":"http:\/\/www.elrestaurantedelosmonjes.com\/web\/wp-json\/wp\/v2\/media?parent=2"}],"curies":[{"name":"wp","href":"https:\/\/api.w.org\/{rel}","templated":true}]}}